 What is the remainder when b is divided by 22?
21
Suppose 0 = -5*f + 2*y + 71, -66 = -5*f + y + 2. What is the remainder when 46 is divided by f?
7
Let i be ((-135)/18)/(2/(-4)). What is the remainder when 21 is divided by 15/6*36/i?
3
Let f(t) = 8*t**2 - 4*t + 2. What is the remainder when f(3) is divided by 23?
16
Let j(r) = r**2 + 12*r + 23. Calculate the remainder when 35 is divided by j(-11).
11
Suppose -3*d + i + 29 = 0, 4*d + i - 22 - 26 = 0. What is the remainder when 19 is divided by d?
8
Let i = -104 + 72. Let g = -23 - i. What is the remainder when 16 is divided by g?
7
Let g = 1 + 3. What is the remainder when 9 is divided by g?
1
Suppose 2*t + 5*u = 10, -6*t = -t + u - 71. Calculate the remainder when 59 is divided by t.
14
Suppose -594 = -14*z + 106. What is the remainder when 146 is divided by z?
46
Suppose 15*s = 11*s + 28. What is the remainder when 12 is divided by s?
5
Suppose -3 = -3*n + 2*n. Suppose 0 = i - n - 9. What is the remainder when 9 is divided by (16/i)/(1/3)?
1
Let g(s) = 3*s**2 + 2*s - 1. Suppose -3*f = 6, y + 4*y + 18 = -4*f. What is the remainder when 12 is divided by g(y)?
5
Let q(h) = 7*h**2 + 7. Let b(m) = -3*m**2 - 4. Let a(z) = 5*b(z) + 3*q(z). What is the remainder when a(-2) is divided by (-1)/(1/13)*-1?
12
Let z = 64 - 14. Let b = z - 19. Suppose 16 = -2*h + 3*h. Calculate the remainder when b is divided by h.
15
Suppose -4*j + 104 = -2*j. Let q = j + 10. Calculate the remainder when q is divided by 16.
14
Calculate the remainder when (-1 - -5)/(18/477) is divided by 36.
34
Suppose -a = -2*m - 3, 4*m + 14 + 5 = 3*a. Calculate the remainder when 42 is divided by a.
3
Suppose 0 = -5*b - 20, -u - 6*b = -b + 18. Suppose 2*n - 116 = -u*n. Calculate the remainder when n is divided by 8.
5
Let i(h) = 2*h + 11. Let d(o) = -o - 5. Let u(t) = 7*d(t) + 3*i(t). Calculate the remainder when u(-5) is divided by 3.
0
Let k(c) = 3*c - 3. Let w = -9 - -14. What is the remainder when k(5) is divided by w?
2
Let o = 48 - 35. Calculate the remainder when o is divided by 7.
6
Let p(u) = u - 2. Let g be p(7). What is the remainder when (-2)/(-5) - (-218)/g is divided by 15?
14
Let k(n) = n**2 + 3*n + 106. Calculate the remainder when k(0) is divided by 55.
51
Let d = 0 - 1. Let w(a) = 24*a**2 - 1. Let k = 13 - 1. What is the remainder when w(d) is divided by k?
11
Suppose -4*q = -3*q - 4. Suppose -2*h + 6*y = 3*y + 9, -5*y = 4*h - 37. Calculate the remainder when q is divided by h.
1
Suppose -2*j - 3*c + 165 = 0, -5*j + c + 112 = -258. What is the remainder when j is divided by 0 - (-4)/1 - -15?
18
Let h(v) = -38*v**3 + v**2 + 2*v + 1. Let b(k) = -k**2 - 7*k + 3. Calculate the remainder when h(-1) is divided by b(-5).
12
Suppose 2*s - 26 = 4*w, -5*s - 5*w = -4*s - 6. Let u(n) = n**3 - 7*n**2 + 6*n + 4. Let p = -9 + 15. What is the remainder when s is divided by u(p)?
3
Calculate the remainder when 15 is divided by ((-4)/(48/27))/((-6)/16).
3
Suppose -g + 9 = -5. Calculate the remainder when 52 is divided by g.
10
Let k(p) = p + 1. Let q(b) = -5*b - 20. Let h(s) = -4*k(s) - q(s). Calculate the remainder when 6/(-9) + 154/6 is divided by h(-7).
7
Suppose 12*p = 8*p + 16. Calculate the remainder when 57 is divided by 20 + 1 - (-3 + p).
17
Let z be (-76)/12 + (-2)/(-6). Calculate the remainder when 12 is divided by (7 - -1) + z + 3.
2
Let n(a) = -a**2 - 2*a - 1. Let q be n(-3). Let w = -52 - -73. Let x = q + w. Calculate the remainder when 32 is divided by x.
15
What is the remainder when 143 is divided by (8/10)/(4/80)?
15
Let v = 27 + 2. What is the remainder when v is divided by 16?
13
Let q(v) = v**2 - 8. Calculate the remainder when q(-7) is divided by 11.
8
Suppose -5*p + 98 = -3*p. Suppose 5*q - 2 = 3. Let y = 16 + q. Calculate the remainder when p is divided by y.
15
Let q = 8 + 6. Let k(f) = 19*f + 2. What is the remainder when k(2) is divided by q?
12
Let c = -5 - -7. Calculate the remainder when c - (-55 - (-1 + 2)) is divided by 12.
10
Let b = 3 - -14. Calculate the remainder when b is divided by 6.
5
Let c(j) = -j**3 - 11*j**2 + 13*j - 13. Let o be c(-12). Let d = o + 44. Calculate the remainder when 73 is divided by d.
16
Let o(a) = a**2 + 5*a - 18. What is the remainder when o(6) is divided by 10?
8
Suppose 0 = -3*r + 4 + 89. Suppose 5*b = 0, p - 24 = -b - 7. Calculate the remainder when r is divided by p.
14
Let b(w) be the first derivative of w**2/2 - w - 1. Let j be b(8). Suppose -2*i + j*i - 55 = 0. What is the remainder when 21 is divided by i?
10
Let y = 0 + -4. Let b = 13 + y. Calculate the remainder when 25 is divided by b.
7
Let r(o) = -2*o + 4. Let d(s) = -s**2 + 13*s - 13. Let k be d(11). Suppose 3*c = -k, -5*f = -4*f + 2*c. What is the remainder when r(-3) is divided by f?
4
Let h = -50 - 10. Suppose 5*v + 249 - 679 = 0. Let s = h + v. What is the remainder when s is divided by 9?
8
Let s(j) = 7*j - 11. Let t(c) = -11*c + 17. Let l(b) = -8*s(b) - 5*t(b). Let f be l(0). Suppose 17 = f*u - 28. Calculate the remainder when 43 is divided by u.
13
Let r(b) = 2*b**2 - 5*b - 1. What is the remainder when (3 - 2)/((-1)/(-21)) is divided by r(4)?
10
Let q be (-4 + 0)*(-7)/4. Let g = q + 5. Calculate the remainder when g is divided by 9/3*14/6.
5
Let u(l) = 2*l + 28. What is the remainder when u(12) is divided by 28?
24
Suppose 0 = -5*p + 71 + 54. What is the remainder when p is divided by 14?
11
Calculate the remainder when (-1)/(1*(132/(-131) - -1)) is divided by 19.
17
Suppose 0 = 2*n - 188 + 24. What is the remainder when n is divided by 42?
40
Let r = -27 + 54. Suppose 0*n = 4*n + 3*s - r, 5*n - 34 = -4*s. What is the remainder when 15 is divided by n?
3
Suppose 75 = 17*k - 14*k. What is the remainder when 47 is divided by k?
22
Suppose x - 14 = 19. Let v = 23 - x. Calculate the remainder when 12/(-30) - 184/v is divided by 10.
8
Let m = 29 + -15. What is the remainder when 23 is divided by m?
9
Suppose -3*u - 6 = -3*x, 3 = u - 0. Suppose -3*z - 2*p - 17 = 0, 5*p = -2*z + 3 - 7. What is the remainder when 672/49 - 2/z is divided by x?
4
Suppose -25*r - 68 = -29*r. Calculate the remainder when 24 is divided by r.
7
Suppose -w + c = -2*c - 23, 5*w + 4*c = 20. Calculate the remainder when 39 is divided by w.
7
Let t(b) = b**3 - 5*b**2 - 3*b - 13. Calculate the remainder when t(7) is divided by 11.
9
Let h = 13 - 7. Let g = 392 - 389. Calculate the remainder when h is divided by g.
0
Suppose 3*q = -4*h + 293, 2*q + 113 = 4*h - 165. Suppose b = -c + 34, -4*b + h - 13 = 2*c. What is the remainder when c is divided by 20?
19
Let k(o) = -2*o. Let x be k(-4). Suppose -3*v + 10 = -x*v + d, v + 5*d + 2 = 0. Calculate the remainder when 37 + ((-6)/(-3))/v is divided by 13.
10
Suppose 0 = -2*j + u + 3, -4 - 8 = -5*j + u. Calculate the remainder when 56 + (0 - j/(-1)) is divided by 15.
14
Let k = -3 - -8. Suppose 3*m - 4 = 5*j - j, -3*m = -k*j - 8. Let q = j - -15. What is the remainder when 21 is divided by q?
10
Suppose -t - 1 = -4*u + 2, 35 = 5*u + 5*t. Suppose -u*h + 4 = -16. Let q = -6 + h. Calculate the remainder when q is divided by 2.
0
Suppose -3*p + 1 = -11. Suppose 0*m = -m - c + p, -5*m + 3*c + 28 = 0. Suppose 5*f = -u + m*u + 55, -2*u = 0. Calculate the remainder when f is divided by 4.
3
Suppose -7*k = -3*k - 44. What is the remainder when 27 is divided by k?
5
Let u = -1 - -7. Let k = u + 0. Suppose 0 = 3*j - 0*j - 12. What is the remainder when k is divided by j?
2
Suppose -2*w = -6*w + 52. Suppose 5*o = 4*j - 152, -2*j - o + 76 = 2*o. Calculate the remainder when j is divided by w.
12
Let k = 9 + -7. Suppose 6*r = k*r + 248. Calculate the remainder when r is divided by 16.
14
Suppose 4*i = 8*i. Suppose -3*g - 24 = 2*y, i = 4*g - 4 - 12. Let m = 7 - y. What is the remainder when m is divided by 13?
12
Suppose 4*j - 5*p - 11 = 0, 15 = 3*j + 2*j - 5*p. Suppose 6*y - 2*y - 16 = 0. Suppose 3 + 9 = y*s. What is the remainder when j is divided by s?
1
Suppose 3*z - 2*l + l = 44, 4*z = 4*l + 48. Calculate the remainder when 61 is divided by z.
13
Let h(f) = 3*f + 17. What is the remainder when 219 is divided by h(9)?
43
What is the remainder when 39 is divided by 1*4 + 9 + -3?
9
What is the remainder when 11 is divided by (1 + (-4)/8)*12?
5
Suppose -6 = 3*p, b + 5*p = -0*p + 16. What is the remainder whe